**2 - 14*x + 28. What are the prime factors of y(j)?
2, 53
Suppose 21*z - 28812 + 21 = 0. What are the prime factors of z?
3, 457
Suppose -12 = 17*v + 5. What are the prime factors of 15000/25 + v + -6?
593
Let n = -79 + 76. Let o be (((-12)/n)/(-2 + 0))/(-1). Suppose -q = o*p - 42 + 4, q - 2*p - 26 = 0. What are the prime factors of q?
2
Let k(q) = -4*q**2 - q - 2. Let r(o) = -3*o**2 - 2. Let p(n) = 4*k(n) - 5*r(n). Let z be p(-3). Let j = z + 33. What are the prime factors of j?
2, 19
Let u = -2857 - -6263. What are the prime factors of u?
2, 13, 131
What are the prime factors of 59/((-4012)/(-1172584)) - (-4)/34?
2, 3, 479
Let r(n) = -n**2 - 8*n - 8. Let l be r(-6). Let m be ((4 + -4)/l)/2. Suppose -3*z - 105 + 306 = m. What are the prime factors of z?
67
Let g be 3 - (1 + 0) - (-7 - -4). Suppose -5*f - 4*m + 569 + 2651 = 0, -f = -g*m - 673. Suppose 12*s - f = 3*s. What are the prime factors of s?
2, 3
Let m(f) = 171*f**2 + 10*f + 32. List the prime factors of m(-6).
2, 383
Let s = -125 + 119. Let j(c) = -c**3 - 4*c**2 + 4*c - 21. What are the prime factors of j(s)?
3
Let x(o) = 537*o + 453. List the prime factors of x(4).
3, 17
Suppose -5*d = 2*k - 51460, -51425 = -7*d + 2*d + 5*k. What are the prime factors of d?
2, 3, 5, 7
Let a be (-2)/((-6)/2743) + (-32)/(-48). Suppose 0 = -n + 181 + a. List the prime factors of n.
2, 137
Let b(q) = 3 + q**3 + 7*q - 10*q**2 - 15 - 10 + q**2. Let x be b(11). Suppose -x = -2*m - 77. What are the prime factors of m?
2, 5, 11
Let c be 0/(-1 - (-6 - -4)). Suppose 2*u - 1 - 9 = c. Suppose 147 = u*l - 213. List the prime factors of l.
2, 3
Suppose -5*d - 2*y - y + 5085 = 0, 5*y = 3*d - 3085. Suppose -11*l = -6*l - w - d, -4*l - 5*w = -816. What are the prime factors of l?
2, 3, 17
Let n(q) = 2*q**2 + 8*q + 18. Let i be (-3)/(-15) - 12/(-15). Suppose -10 = z - i. What are the prime factors of n(z)?
2, 3
Suppose p - 37 - 37 = 0. Let s = p - -73. Suppose 5*g + k = s, g + k - 117 = -3*g. What are the prime factors of g?
2, 3, 5
Let l = 326 + -323. Suppose -15*j + 1056 = -12*j. Suppose 2*q + l*q + 5*c - 835 = 0, 2*q = 4*c + j. What are the prime factors of q?
2, 5, 17
Suppose -492060 = -134*q - 8264 + 1773568. List the prime factors of q.
2, 8423
Let v = 11 - 6. Suppose -v*b + g - 28 = 3*g, 0 = -3*b - 2*g - 20. List the prime factors of b/14 + (-1268)/(-28).
3, 5
Let k(r) = 394*r**3 - 2*r**2 + 7*r - 5. Let j be k(1). What are the prime factors of ((-120)/(-16) + -9)/((-1)/j)?
3, 197
Let b be 7 - 1/(-2)*-6. Suppose -b*z = 5*z - 45. Suppose -z*q - 4*f = -559, -3*q + 5*f + 127 + 201 = 0. What are the prime factors of q?
3, 37
List the prime factors of (-25053)/(-35) + (-14)/(-70).
2, 179
Let m = 770 + 2387. List the prime factors of m.
7, 11, 41
Let g be 7/(14/(-3))*4/3. Let j be (-5)/(g - 3) - -2. Suppose 3*h - j = 0, q - 3*q - h = -589. List the prime factors of q.
2, 3, 7
Suppose -y - 3329 + 14559 = 0. Suppose 775*x = 765*x + y. What are the prime factors of x?
1123
Suppose -u - 3848 = 4*v - 11836, -5*u - 3*v = -40042. List the prime factors of u.
2, 2003
Let f be (-35)/(-5) + 4/(-2). Let x(u) = -u**3 + 3*u**2 - 3*u - 1. Let s be x(f). What are the prime factors of (-2)/11 + (-8130)/s?
3, 41
Let d be -1*6/(-39) + (-687408)/(-208). Suppose d = 3*w + 2*s, 2*w = 4*s - 3*s + 2208. What are the prime factors of w?
1103
Suppose 0 = 5*z - 146 + 121. Suppose -z*p + 3*m = -1428, p + 5*m = 6*p - 1430. List the prime factors of p.
3, 5, 19
Let f(n) = n**3 - 5*n**2 + 288*n + 33. List the prime factors of f(13).
23, 223
Suppose -5*d - 80 = -5*j, 2*d - 23 = 3*j - 73. List the prime factors of 118/12 - (-3)/j.
2, 5
Suppose -3*w - 2*p - 113322 + 330870 = 0, -5*p = 7*w - 507610. What are the prime factors of w?
2, 5, 7, 37
Let r = -294 - -296. Suppose -r*f = 0, -3*n - 276 = -5*n - 3*f. What are the prime factors of n?
2, 3, 23
Let p(r) = r**2 - 4*r - 1. Let f be p(-1). Let c be 24/(-16) + 726/4. Suppose 4*g - c = -f*l, -7*g + 3*g + l + 190 = 0. List the prime factors of g.
47
Suppose -6*t = -4*t + 3*o - 236, 2*t - 234 = -4*o. Suppose z + 148 = 391. Suppose 4*u - t = z. What are the prime factors of u?
7, 13
Let n(t) = t**3 + 8*t**2 - 22*t - 6. Let u be n(-10). Let o(b) = u*b + 12 - 2 - 5*b. List the prime factors of o(3).
37
Suppose -101*n + 8189920 + 365184 = 0. List the prime factors of n.
2, 2647
Suppose 16 = 5*o + 1. Suppose -2*w - 3*w - 85 = -o*v, 15 = v + w. Suppose -v = -h + 43. List the prime factors of h.
3, 7
Let d(i) be the third derivative of -1/12*i**5 - 43*i**2 + 0*i - 2/3*i**3 + 0 - 1/40*i**6 - 7/24*i**4. List the prime factors of d(-4).
2, 17
What are the prime factors of (69/(-115))/(6/(-20)) - -7800?
2, 47, 83
Let f = 712 - 696. Suppose 0 = -f*n + 8*n + 10336. List the prime factors of n.
2, 17, 19
Let h(s) = 2082*s**2 - 86*s - 218. List the prime factors of h(-3).
2, 41, 229
Suppose -50*t - 197267 = -2395667. List the prime factors of t.
2, 3, 229
Let h = -7481 + 12145. List the prime factors of h.
2, 11, 53
Let f(c) = -27*c**3 - c**2 - 3*c - 1. Suppose -20*y - 4 = -19*y. Let x(v) = -v**3 - 5*v**2 - 3*v + 2. Let o be x(y). What are the prime factors of f(o)?
7, 31
Suppose -132*b + 243553 = -322991. What are the prime factors of b?
2, 29, 37
Let c(t) = 6*t**3 + 6*t**2 - 119*t + 11. List the prime factors of c(9).
2, 5, 19
Suppose 30*q + 6 = 36*q. List the prime factors of q/2*2 - 256/(-1).
257
Let u(i) = 124*i + 0 + 31*i + 124*i + 29 + 35*i. What are the prime factors of u(3)?
971
Suppose -11*b = -6 - 16. Let o(n) = -26*n**b - 27*n**2 - 22*n**2 + 76*n**2 + 28 + n. List the prime factors of o(-5).
2, 3
Let r be 4/3*1185/(-5). Let q = -123 - r. Suppose 6*a - 2*m - 214 = 2*a, q = 4*a + 5*m. List the prime factors of a.
2, 13
Let f(n) = 3*n**2 - 20*n - 13. Suppose 42 = 2*t + t. Let h be f(t). Suppose -2*b - b = 5*p - h, -2*p = 4*b - 398. What are the prime factors of b?
2, 5
Suppose 2*x + 38 = 312. Suppose 132*r = x*r - 280. What are the prime factors of r?
2, 7
Let h = -355 + 358. List the prime factors of ((-22)/4)/(h/(-174)).
11, 29
Suppose 0 = 3*r - 96 + 42. What are the prime factors of ((-3206)/3)/(-14 + 240/r)?
7, 229
Suppose 0 = 12*k - 11149 + 3361. List the prime factors of k.
11, 59
Let i be 36/(-36) + (-1 - -1). Let g(m) = 49*m**2 - 2*m - 4. What are the prime factors of g(i)?
47
Let t(j) = -1242*j - 6591. What are the prime factors of t(-27)?
3, 7, 1283
Let a be (-3)/((-9)/(-16)) + (-4)/6. Let i be (6 + a)*2/(-6). Suppose -2*s + i*s = 3*h - 22, -3*s + 4*h + 67 = 0. List the prime factors of s.
17
Let i be ((-66)/(-12) + -5)*(-11 - -1). Let o be -1 - (-5 + -14) - i. Let s(n) = -n**2 + 28*n + 57. List the prime factors of s(o).
2, 43
Let o(l) = 11*l - 23. Let s(d) = d**3 + 4*d**2 - d + 3. Let f be s(-3). Let k be o(f). Let q = k + -45. What are the prime factors of q?
97
Suppose -4*n + 12 + 4 = 0. Suppose n*f - a - 45 = 13, 3*a - 36 = -3*f. What are the prime factors of (-4 - (-26)/4)*f?
5, 7
Let v(x) = 3*x**2 - 2*x - 2. Let d(p) = -3*p + 3. Suppose -27*w + 25*w + 4 = 0. Let s be d(w). List the prime factors of v(s).
31
Suppose 4*j = s - 151 - 53, -4*s = 5*j + 276. Let w = 69 + j. Suppose -w*d = -5*d - 2436. What are the prime factors of d?
7, 29
Let w = 84773 - 60387. What are the prime factors of w?
2, 89, 137
Suppose 34 = 9*y + 7. Suppose 0 = y*d + 3*z - 2*z - 1, 0 = 2*d - 4*z - 24. Suppose -d*w = -8*w + 132. List the prime factors of w.
2, 11
Let p be 99996/60 - 4/(-10). Suppose s + p = 2*s. What are the prime factors of s?
1667
Let a(w) = -w**2 - 20*w + 45. Let o be a(-22). Let s be (-33)/6*(1 + o). List the prime factors of ((-8)/10)/(s/1705).
2, 31
Suppose 6*y = 9*y - 6. Suppose -y*h = 4*i - 0*h - 1490, -3*i + h + 1105 = 0. What are the prime factors of i?
2, 5, 37
Let t be ((-2*1)/(10/(-15)))/1. Suppose q = -2*x - 4 + 3, -3*q = x + 13. Suppose t*m = 4*m - x. What are the prime factors of m?
2
Suppose 0 = -11*v + 217584 + 207005. List the prime factors of v.
11, 29
Let s(r) = 3*r**2 + 5*r + 8. Let g be s(-10). Let l(q) = -22*q**3 + 2*q**2 + q + 4. Let m be l(2). Let h = m + g. List the prime factors of h.
2, 3
Let u(i) = -i**3 + 8*i**2 - 9*i + 16. Let n be u(7). What are the prime factors of 0 + 1260/n + -1 + 2?
631
Let z be -3 + -3 - -6 - 6. What are the prime factors of 93873/58 + (-15)/z?
162